{"id":437,"date":"2019-01-15T13:58:18","date_gmt":"2019-01-15T12:58:18","guid":{"rendered":"https:\/\/www.pogorockband.de\/prb\/?page_id=437"},"modified":"2019-01-15T17:29:50","modified_gmt":"2019-01-15T16:29:50","slug":"veranstaltungen-2013-2018","status":"publish","type":"page","link":"https:\/\/www.pogorockband.de\/prb\/veranstaltungen-2013-2018\/","title":{"rendered":"Veranstaltungen von 2013 &#8211; 2018"},"content":{"rendered":"\n<p>29.03.13 &#8211; Krk,&nbsp;Kroatien&nbsp;Cafe Mate<br>30.03.13 &#8211; KRK, Kroatien POGORockband light, Pub seatower<br>31.03.13 &#8211; KRK, Kroatien POGORockband light<br>07.06.13 &#8211; Berlin&nbsp;F\u00eate de la Musique Stadtbibliothek<br>29.06.13 &#8211;&nbsp;Bad Belzig&nbsp;Kultur-, Jugend- und Medienzentrum&nbsp;<br>13.07.13 &#8211; Frankfurt\/Oder Stadtfest &#8222;Bunter Hering&#8220;<br>14.07.13 &#8211; Bad Belzig 20. Jahre Freibad<br>27.07.13 &#8211; Brandenburg\/Plaue Fischerjacobi<br>24.08.13 &#8211; Bad Belzig Stadtfest &#8222;Alter Brauhof&#8220;<br>24.08.13 &#8211; Bad Belzig&nbsp;Privatgig<br>21.09.13 &#8211; Belzig Privatparty<br>21.09.13 &#8211; Unplugged Albert Baur Halle\/Jobb\u00f6rse<\/p>\n\n\n\n<p>20.12.14 &#8211; Solo:&nbsp; Steffen (mit Karoline u.a.) Bad Belzig Reha-Klinik 19 Uhr<br>20.12.14 &#8211; Solo: Ralf (mit Mandy) Bad Belzig Burgbr\u00e4uhaus 17.30 Uhr<br>08.11.14 &#8211; G\u00f6mnigk b. Br\u00fcck Privatparty<br>03.10.14  &#8211; Berlin ACHTUNG neue Location: 12gradAetherloge Frankfurter Allee 24&nbsp;  um 20 Uhr UBHF Frankfurter Tor<br>27.09.14 &#8211; Angerm\u00fcnde&nbsp;&nbsp;19 Uhr Hof Stadtwerke Berliner Str. am Friedenspark <br>30.08.14 &#8211; Bad Belzig 17-19 Uhr Alter Brauhof<br>30.08.14 &#8211; Bad Belzig 14-15 Uhr Berliner Str.4 POGO &#8211; unplugged<br>02.08.14 &#8211; Berlin&nbsp;17-19 Uhr Biermeile Karl Marx Allee 67<br>01.08.14 &#8211; Berlin 16-18 Uhr Biermeile Karl-Marx-Allee 67<br>12.07.14 &#8211; Frankfurt\/Oder Stadtfest 22 Uhr<br>10.05.14 &#8211; Berlin Hellersdorf \/Cecilienplatz 19 Uhr<br>24.04.14 &#8211; Krk, Kroatien PRB light Cafe Mate<br>22.04.14 &#8211; Krk, Kroatien PRB light Stara Baska, Vrbnik<br>29.03.14 &#8211; Berlin &#8211; Pianobar<br>25.02.14 &#8211; POGO Belzig &#8211; mit Rick Derman<br>17.01.14 &#8211; Berlin &#8222;Stadtbibliothek&#8220; &#8211; unplugged<\/p>\n\n\n\n<p>02.01.15 &#8211; Berlin 12gradAetherloge Frankf. Allee24&nbsp;&nbsp; 21 Uhr<br>03.01.15 &#8211; Solo: Ralf &amp; friends Berlin KM-pianobar<br>31.01.15 &#8211; Potsdam PRB light (Privatparty)<br>28.02.15 &#8211; km-pianobar Berlin PRB light 21 Uhr<br>07.03.15 &#8211; Bad Belzig Alter Brauhof 20 Uhr<br>03.04.15 &#8211; Kroatien Krk Cafe Mate 21 Uhr PRB light<br>05.04.15 &#8211; Kroatien Vrbnik Weinkeller Nada short-gig<br>06.04.15 &#8211; Kroatien Krk Cafe Bar&nbsp;Kula 21Uhr<br>20.05.15 &#8211; Bad Belzig &nbsp;Geschlossene Gesellschaft<br>22.05.15 &#8211; Bad Belzig Pogo 20 Uhr<br>24.05.15 &#8211; Rock in R\u00e4digke 20 Uhr<br>27.06.15 &#8211; Bad Belzig Privatparty<br>11.07.15 &#8211; Frankfurt\/Oder 21 Uhr Rathaus<br>15.08.15 &#8211; Schlalach Rock am Kuhstall\/Festival abgesagt<br>29.08.15 &#8211; Bad Belzig Alter Brauhof 17 Uhr<br>30.10.15 &#8211; Bad Belzig geschl. Gesellschaft PRB light<\/p>\n\n\n\n<p>11.12.16 &#8211; Bad Belzig Rehaklinik Waldkapelle 19 Uhr akustisch<br>19.11.16 &#8211; Angerm\u00fcnde&nbsp; Altes Brauhaus 20 Uhr<br>13.10.16 &#8211; Ralf Sologig, Kroatien, Vrbnik &#8222;Weinkeller NADA&#8220;<br>10.09.16 &#8211; Sebastian Sologig, China, Shandong, Jinan: Banjo Music Bar<br>27.08.16 &#8211; Bad Belzig Altstadtsommer &#8222;Alter Brauhof&#8220; &#8211; Hauptb\u00fchne \ud83d\ude42 17:00 &#8211; 19:00 Uhr<br>20.08.16 &#8211; After Wedding Party &#8211; Bad Belzig<br>05.08.16 &#8211; Berlin &#8222;Biermeile&#8220; Frankfurter Tor &#8211; B\u00fchne 18&nbsp; 17.30 bis 22:00 Uhr<br>16.07.16 &#8211; Privatparty<br>09.07.16 &#8211; Frankfurt\/Oder &#8222;Bunter Hering&#8220;<br>28.05.16 &#8211; Angerm\u00fcnde, Seepromenade 22:45 Uhr&nbsp;<br>21.05.16 &#8211; Bad Belzig Privatparty<br>14.05.16 &#8211; Kroatien Krk Cafe mate Ribarska 7 solo Lana und Ralf<br>30.04.16 &#8211; Bad Belzig Alter Brauhof 20 Uhr&nbsp; Tanz in den Mai<br>16.04.16 &#8211; Lutherstadt WittenbergCollegienstr. 71,&nbsp; Irish Pub 20 Uhr<br>23.01.16 &#8211; Bad Belzig Privatparty<br>02.01.16 &#8211; Berlin 12gradAetherloge 20 Uhr<\/p>\n\n\n\n<p>22.12.17 &#8211; Golzow geschlossene Gesellschaft<br>16.12.17 &#8211; Bad Belzig Waldkapelle Benefizkonzert unplugged mit G\u00e4sten<br>18.11.17 &#8211; Angerm\u00fcnde Braue 20 Uhr&nbsp;<br>28.10.17 &#8211; Templin Jugendhaus Villa 2.0&nbsp;<br>01.09.17 &#8211; Berlin (geschlossene Veranstaltung)&nbsp;<br>26.08.17 &#8211; Bad&nbsp; Belzig Marktplatz 16:40 Uhr<br>25.08.17 &#8211; Bad Belzig, &#8222;Alter Brauhof&#8220; 20:00 Uhr&nbsp;<br>06.08.17 &#8211; Berlin Biermeile Karl-Marx Allee, B\u00fchne 18, 15-20:30 Uhr<br>15.07.17 &#8211; Frankfurt\/Oder Stdtfest &#8222;Bunter Hering&#8220; 21:00 Uhr<br>01.07.17 &#8211; Bad Belzig 18 Uhr Haus am See<br>04.06.17 &#8211; R\u00e4digke&nbsp; Rock in R\u00e4digke<br>27.05.17 &#8211; Angerm\u00fcnde (Angerm\u00fcnde rockt\/ Seepromenade 20 Uhr)&nbsp;<br>17.04.17 &#8211; Kroatien Krk Cafe Mate Solo Lana und Ralf<br>08.04.17 &#8211; Bad Belzig geschlossene Gesellschaft<br>20.01.17 &#8211; Brandenburg LK PM &nbsp;Privatparty solo Basti S. und Steffen&nbsp;<br>07.01.17 &#8211; Berlin, Frankfurter Allee 24, 12gradAetherloge 20 Uhr&nbsp;<\/p>\n\n\n\n<p>05.01.18 &#8211; Alte Feuerwehr, 10243 Berlin, Marchlewskistr. 6<br>19.05. 18 &#8211; geschlossene VA, Linthe<br>26.05. 18 &#8211; Angerm\u00fcnde Open Air<br>09.06. 18 &#8211; Baruth Schlo\u00dfparkfest<br>17.06. 18 &#8211; Havelfest 14:30 Uhr\/B\u00fchne am Packhof<br>30.06. 18 &#8211; geschlossene Veranstaltung G\u00f6rzke<br>14.07. 18 &#8211; Frankfurt Oder, &#8222;Bunter Hering&#8220; B\u00fchne hinter dem Rathaus\/22:00 Uhr<br>04.08. 18 &#8211; Berlin, Biermeile-Karl Marx Allee\/18:00 Uhr<br>25.08. 18 &#8211; Bad Belzig, Altstadtsommer&nbsp;&#8211; Hauptb\u00fchne &#8222;Alter Brauhof&#8220;<br>20.10. 18 &#8211; geschlossene Veranstaltung, Halle Saale<br>15.12. 18 &#8211; Bad Belzig Kapelle der Rehaklinik,Benefizkonzert f\u00fcr die Bj\u00f6rn Schulz Stiftung&nbsp;<\/p>\n","protected":false},"excerpt":{"rendered":"<p>29.03.13 &#8211; Krk,&nbsp;Kroatien&nbsp;Cafe Mate30.03.13 &#8211; KRK, Kroatien POGORockband light, Pub seatower31.03.13 &#8211; KRK, Kroatien POGORockband light07.06.13 &#8211; Berlin&nbsp;F\u00eate de la Musique Stadtbibliothek29.06.13 &#8211;&nbsp;Bad Belzig&nbsp;Kultur-, Jugend- und Medienzentrum&nbsp;13.07.13 &#8211; Frankfurt\/Oder Stadtfest &#8222;Bunter Hering&#8220;14.07.13 &#8211; Bad Belzig 20. Jahre Freibad27.07.13 &#8211; Brandenburg\/Plaue Fischerjacobi24.08.13 &#8211; Bad Belzig Stadtfest &#8222;Alter Brauhof&#8220;24.08.13 &#8211; Bad Belzig&nbsp;Privatgig21.09.13&hellip; <\/p>\n","protected":false},"author":1,"featured_media":0,"parent":0,"menu_order":0,"comment_status":"closed","ping_status":"open","template":"","meta":{"footnotes":""},"class_list":["post-437","page","type-page","status-publish","hentry"],"_links":{"self":[{"href":"https:\/\/www.pogorockband.de\/prb\/wp-json\/wp\/v2\/pages\/437","targetHints":{"allow":["GET"]}}],"collection":[{"href":"https:\/\/www.pogorockband.de\/prb\/wp-json\/wp\/v2\/pages"}],"about":[{"href":"https:\/\/www.pogorockband.de\/prb\/wp-json\/wp\/v2\/types\/page"}],"author":[{"embeddable":true,"href":"https:\/\/www.pogorockband.de\/prb\/wp-json\/wp\/v2\/users\/1"}],"replies":[{"embeddable":true,"href":"https:\/\/www.pogorockband.de\/prb\/wp-json\/wp\/v2\/comments?post=437"}],"version-history":[{"count":0,"href":"https:\/\/www.pogorockband.de\/prb\/wp-json\/wp\/v2\/pages\/437\/revisions"}],"wp:attachment":[{"href":"https:\/\/www.pogorockband.de\/prb\/wp-json\/wp\/v2\/media?parent=437"}],"curies":[{"name":"wp","href":"https:\/\/api.w.org\/{rel}","templated":true}]}}